 g(d) be the first derivative of d**5/120 + d**4/12 + 2*d**3/3 - 2. Let p(i) be the third derivative of g(i). Calculate p(-2).
0
Let s = 29 + -30. Let n(q) = -8*q + 1. Let j(w) = -1. Let r(y) = 2*j(y) + n(y). Determine r(s).
7
Let l(d) = 2*d - 1. Suppose -4*a + 2*g = -76, -a - 4*g = -g - 26. Suppose a = -0*b + 5*b. Suppose -b*z + 2*z + 6 = 0. What is l(z)?
5
Suppose -4*i + 36 = -0. Let v(y) = 4*y - i*y - 3 + 3. What is v(-1)?
5
Let d(j) = -j**2 - 5*j + 2. Let p be d(-5). Let s(w) = -2*w + 3*w**2 + w**p - w - 2 - 3*w**2. What is s(4)?
2
Let x(b) = b**2 + 6*b + 5. Let l be (-70)/8 - 15/60. Let f be (l/(-1))/(-3) - 3. Calculate x(f).
5
Let g(n) be the third derivative of n**6/120 + n**5/20 - n**4/12 - 2*n**3/3 - 7*n**2. Give g(-3).
2
Let k = -16 - -11. Let u(j) be the third derivative of -j**6/120 - j**5/15 + j**4/24 - 7*j**3/6 - 14*j**2. Determine u(k).
13
Let l(d) = -7*d**2 - 3*d - 10. Let n(i) = -8*i**2 - 2*i - 11. Let r(b) = -7*l(b) + 6*n(b). Determine r(-6).
-14
Suppose 0 = k - 0*k - j, 4*k + 5*j + 18 = 0. Suppose 3*s - 2 = 4. Let g(n) = -3 + s + 4*n - 3*n. Give g(k).
-3
Suppose 4*r - 16 = -0. Let i(x) = 5*x - 4. Let s(q) = 8 - 13*q - 3*q**2 + 4*q + 2*q**2. Let l(k) = -5*i(k) - 2*s(k). Determine l(r).
8
Let q(g) = -g - 3. Let r be ((-2)/(-3))/(12/(-18)). Let m be r/(-2) - (-21)/(-6). Give q(m).
0
Let r(j) = 7*j**3 + 2*j**2 + 2*j + 1. Suppose -16*a - 5 = -11*a. What is r(a)?
-6
Let s(b) = 7*b**2 - 19*b + 1. Let y(o) = 3*o**2 - 9*o. Let p(g) = 2*s(g) - 5*y(g). Give p(9).
-16
Let u(c) = 2*c + 7. Suppose -2*w - 3*w = 0. Suppose w = -d - 6 - 0. Calculate u(d).
-5
Suppose -3*t + 2*t + 2*x = 3, 3*t + 5*x - 24 = 0. Let b(m) = -9*m**3 - 2 + m**3 + t + 2*m + m**2. Calculate b(-1).
8
Let p be 9*(1 - 6/9). Let q be p*(-4)/6 + 2. Let v = -2 + q. Let s(x) = -x + 1. Calculate s(v).
3
Let b(c) = -c**2 - 16 - 9*c**3 + 5*c**2 - 15*c - c**2 + 4*c**2. Let f(t) = 5*t**3 - 3*t**2 + 8*t + 8. Let u(i) = -4*b(i) - 7*f(i). Give u(6).
-4
Suppose 10 = 5*n - n + 2*d, -4*d = n + 8. Suppose 0 = -2*c + n - 0. Let g(y) be the second derivative of y**4/12 + y**3/3 - y**2 - 2*y. Give g(c).
6
Let n = -1 + 9. Let r(g) = g**3 - 8*g**2 + g - 9. Calculate r(n).
-1
Let o(b) = 6*b + 59. Let h be o(-11). Let k(d) = d**3 + 7*d**2 - 2*d - 4. Determine k(h).
10
Let p(s) = s**3 - 8. Let i be 2 - (-4)/(-3)*(-9)/(-6). Calculate p(i).
-8
Let m(n) = n**3 + 8*n**2 - n + 7. Let b(y) = y**2 - y. Let v(k) = -3*b(k) + m(k). Calculate v(-5).
-3
Let q = 12 - 20. Let y(r) = r**3 + 7*r**2 - 7*r + 7. Give y(q).
-1
Let w(v) = v**3 + 6*v**2 + 5*v - 2. Let o be ((-15)/(-9))/(2/3)*-2. Give w(o).
-2
Let c(v) = 4*v**2 + 14*v**3 + 0*v + 3*v - 15*v**3 + 5. Determine c(5).
-5
Let h(n) be the third derivative of n**4/24 + 2*n**3/3 + 2*n**2. Calculate h(-5).
-1
Let h(r) = -r**3 - 4*r**2 + 2*r + 3. Let f = -4 - -8. Suppose f*d - 5*d + 4*i = -14, 22 = -5*d - 3*i. Give h(d).
-9
Let x be 2 + (-8)/12*-6. Let h(p) = 2*p + 6. Let d(t) = -t - 1. Let c(z) = 3*d(z) + h(z). Calculate c(x).
-3
Suppose 4*u + 5 = -5*a + 8*u, a = -4*u + 23. Let i(r) = -2*r**3 - 5 + a*r**3 - r**2 + 2*r - 3*r. Let w be -1*0/((-9)/(-3)). What is i(w)?
-5
Let b(y) = 2*y**3 + 2*y**2 + 3*y + 2. Let d(n) = -n**3. Let a(o) = -b(o) - d(o). Determine a(-2).
4
Let r(i) = 2*i**2 + 5*i + 2. Let x = 12 - 15. Give r(x).
5
Let w(h) = -2*h - 1. Let v(r) = 4 + 0*r - 3 - r. Let l(y) = 2*v(y) + w(y). Suppose 8*d - 4*z - 4 = 4*d, 2*z = 4*d + 2. What is l(d)?
9
Let p = -117 + 239/2. Let v(j) be the second derivative of -p*j**2 - 1/12*j**4 + 0 - j**3 + j. What is v(-4)?
3
Let x(d) = -2*d**2 + 2*d - 1. Let a be (-1)/(-1 - 12/(-10)). Let v be (-2 + (-1 - a))*1. What is x(v)?
-5
Suppose -y + 16 = -5*y. Let t(v) = -v**3 - 3*v**2 - v - 5. Determine t(y).
15
Let p = -11 + 14. Let o(c) = -4*c**p + 2*c**2 - 4*c + 4*c + 2*c**3 + c. Suppose 0 = -t + 5*t + 4. Determine o(t).
3
Let z(c) = -c - 1. Let v(r) = -2*r + 6. Let n(t) = v(t) - 3*z(t). Suppose 5*m - 5*h = 0, -5*m - 30 = 2*h - 2. What is n(m)?
5
Let w = -18 + 20. Let f(u) = -u**2 - 4*u + 0*u**w + 0 + 7*u - 4. What is f(3)?
-4
Let a(j) = 1. Let h(p) = -p + 7. Let x(k) = -2*a(k) + h(k). Suppose -n + 11 = 2*w, -n - 4*n + 13 = 3*w. Let g be x(w). Let d(l) = l**2. What is d(g)?
1
Let q(f) = 4*f - 5. Let t(o) = -2*o - 18. Let y(r) = r + 6. Let s(z) = -6*t(z) - 17*y(z). Let l(g) = -6*q(g) - 5*s(g). Let j = -8 + 5. Give l(j).
-3
Let f(l) = -6*l. Let h = -6 - -4. Let s be 2*h*3/12. What is f(s)?
6
Let u be 20/16 - (-45)/20. Let p(z) be the first derivative of -u*z**2 + z + 3. Give p(-1).
8
Let h(z) = 4*z + 5. Suppose 8*p + 12 = -4*l + 4*p, 3 = -l - 4*p. Determine h(l).
-7
Let v(j) = -j**3 - j - 1. Let b(f) = 9*f**2 - 14*f + 15. Let m(q) = -b(q) + 4*v(q). Let i(h) = -h**3 - 3*h**2 + 3*h - 6. Let a(z) = 7*i(z) - 2*m(z). Give a(3).
-1
Let x(s) = -4*s**2 - 6*s + 8. Let k(t) = t**2 + t - 1. Let b(z) = 5*k(z) + x(z). Suppose 8*a = 4*a. Give b(a).
3
Let x(n) = 2*n**2 + 6*n + 6. Let a(j) = -5*j**2 - 17*j - 17. Let g(w) = -3*a(w) - 8*x(w). What is g(3)?
3
Let c(l) = -3*l**3 + 2*l**2 - l + 2. Let r(b) = -4*b**3 + b**2 - b + 2. Let t(m) = -3*c(m) + 2*r(m). What is t(4)?
2
Let g(v) = 3*v - 2 - 6*v + 2*v - 5. Determine g(-5).
-2
Let o(j) = -14. Let k(a) = 1. Let q(p) = -12*k(p) - o(p). Let z(g) = g + 3. Let x(m) = -4*q(m) + 3*z(m). Suppose 2 = -y - y. Determine x(y).
-2
Suppose -2*p = -5*k - 31, -p + k = 2*k + 2. Let z(f) = f**3 - 6*f**2 + 2*f + 2. Let i(u) = -2*u**3 + 11*u**2 - 3*u - 3. Let m(d) = -3*i(d) - 5*z(d). Give m(p).
-4
Let i(q) = q**2 + q + 12. Suppose d - 10 = -4*d. Let z(p) = -2*p + 4. Let y be z(d). Determine i(y).
12
Let o be 8/3 - (-22)/(-33). Suppose 9*q - o = 7*q. Let u(p) = 4*p - 1. Determine u(q).
3
Suppose 5*k = 5*m + 15, -2*m - 16 = -k + 4*k. Let l(b) = -b**3 - 6*b**2 - 4*b + 2. Let a be l(m). Let f(w) = 2*w - 1. What is f(a)?
-7
Let d(t) be the first derivative of -t**3/3 + t**2/2 + t - 1. Calculate d(2).
-1
Let f(v) = -v**3 - 3*v**2 - v + 4. Let h be 3 + 0 + 3/3. Suppose h*a - 4*m + 20 = -6*m, -6 = -2*a + 3*m. What is f(a)?
7
Let q(u) = -5*u**2 - 6*u + 4. Suppose 3*d = -2*d + 15. Let r(f) = 6*f**2 + 7*f - 5. Let c(y) = d*r(y) + 4*q(y). Let i = -2 + -1. What is c(i)?
-8
Let d(i) = -i**3 - 6*i**2 - 6. Let m(r) = -r**2 - 6*r. Let b be m(-5). Suppose 4*v - 3*v = -5*k - 35, 0 = -b*k - 3*v - 45. Calculate d(k).
-6
Let u(d) = -d**2 + 4*d - 2. Let n(m) = 2*m**2 - m + 4. Let s be n(0). What is u(s)?
-2
Let t(l) be the first derivative of -l**2/2 + l + 2. Let p be ((-16)/30)/((-18)/(-27))*5. Give t(p).
5
Let t(s) = -s**2 - s + 2. Let y = -5 - -8. Suppose 5*z = 3*b - 6, y*z = -0*z + b - 6. Determine t(z).
-4
Let w(t) = -3*t**3 - 1. Let i(l) = -5*l + 21. Let f be i(4). Determine w(f).
-4
Let k(f) = 0 - 8*f - 4 + 3. Give k(-1).
7
Suppose 4*q - 11 = -5*i, -2*q + 34 = -q - 5*i. Let n(g) = -g**2 + 9*g - 5. Give n(q).
-5
Let p(v) = -v**3 + 8*v**2 - 3*v + 9. Let s(t) = -2*t**3 + 17*t**2 - 7*t + 19. Let r(i) = -9*p(i) + 4*s(i). Give r(4).
-9
Let z(x) = 3*x - 5. Let c(u) = 7*u - 11. Let i(s) = 4*c(s) - 9*z(s). Determine i(-2).
-1
Let f = 10 - 20. Let q(c) = 3*c**2. Suppose 0 = -v + 3*h - 12, 3*v - 5*h + 24 = -4. Let m(y) = -6*y**2. Let g(p) = f*q(p) + v*m(p). Determine g(1).
6
Let h(s) = -2*s - 2. Let u be ((-14)/(-4) + -1)*-2. What is h(u)?
8
Let h(o) = -o - 1. Let g = 98 - 100. Give h(g).
1
Suppose -2*o = 4 - 2. Let y(s) be the first derivative of -1/2*s**2 + 0*s - 1/3*s**3 - 5/4*s**4 - 3. Determine y(o).
5
Let r(x) be the first derivative of x**3/3 - 3*x**2 + 4*x - 1. Let b = 14 + -15. Let z be (-70)/(-15) - b/3. Calculate r(z).
-1
Let m be 4 - (4 + 3 + -4). Let r(q) be the first derivative of -5*q**3/3 + q**2/2 - 1. Determine r(m).
-4
Let n(q) = 3*q**3 - 15*q**2 + 7*q. Let u(b) = -2*b**3 + 8*b**2 - 4*b. Let i(v) = -3*n(v) - 5*u(v). What is i(-5)?
5
Let q = 5 + -3. Let s be (-2)/4 - 7/(-2). Let y(f) = -f + s*f + q - 7. Give y(4).
3
Let s(g) = -g - 5. Let o(k) = k + 1. Let f(w) = 4*o(w) + s(w). Calculate f(-2).
-7
Let n = -12 - -14. Let l(v) = -2 + 0 + 0*v + 0 + v + 2*v**n. Let d(h) = -h + 2. Let w be d(4). Calculate l(w).
4
Let f(v) = v**3 + 5*v**2 + 54 - 2*v**2 - 2*v - 58. Determine f(-3).
2
Let b(l) = l**3 - 3*l**2 - l - 5. Suppose -4 = d + 1. Let i(k) = -k**3 + k**2 + 3. Let o(u) = d*i(u) - 3*b(u). Calculate o(-2).
-6
Let u(q) =